{"version":"1.0","type":"rich","width":"560px","height":"140px","title":"Lebensmittelverschwendung \u2013 Interview mit dem Ern\u00e4hrungsrat Oldenburg - Judith und Annalena vom Ern\u00e4hrungsrat Oldenburg sprechen mit uns \u00fcber die Probleme und Ursachen von Lebensmittelverschwendung.","url":"https:\/\/www.gruene-oldenburg.de\/podcast\/2020\/04\/lebensmittelverschwendung-ernaehrungsrat-oldenburg\/","author_name":"Gr\u00fcngeschnackt - Der gr\u00fcne Podcast aus Oldenburg","author_url":"https:\/\/www.gruene-oldenburg.de","thumbnail_url":"https:\/\/www.gruene-oldenburg.de\/wp-content\/uploads\/2024\/09\/podcast-cover-sonneblume.jpg","html":"<iframe width=\"560px\" height=\"140px\" src=\"https:\/\/www.gruene-oldenburg.de\/podcast\/2020\/04\/lebensmittelverschwendung-ernaehrungsrat-oldenburg\/?standalonePlayer\"><\/iframe>"}

Lebensmittelverschwendung – Interview mit dem Ernährungsrat Oldenburg - Judith und Annalena vom Ernährungsrat Oldenburg sprechen mit uns über die Probleme und Ursachen von Lebensmittelverschwendung.

Grüngeschnackt - Der grüne Podcast aus Oldenburg
