{"version":"1.0","type":"rich","width":"560px","height":"140px","title":"Mentale Gesundheit \u2013 Gespr\u00e4ch mit Wilfried Schuman - In dieser Folge haben wir anl\u00e4sslich des erneuten h\u00e4rteren Lockdowns und der Weihnachtszeit mit dem Thema psychische Gesundheit mit Wilfried Schuman gesprochen.","url":"https:\/\/www.gruene-oldenburg.de\/podcast\/2020\/12\/mentale-gesundheit-wilfried-schuman\/","author_name":"Gr\u00fcngeschnackt - Der gr\u00fcne Podcast aus Oldenburg","author_url":"https:\/\/www.gruene-oldenburg.de","thumbnail_url":"https:\/\/www.gruene-oldenburg.de\/wp-content\/uploads\/2024\/09\/podcast-cover-sonneblume.jpg","html":"<iframe width=\"560px\" height=\"140px\" src=\"https:\/\/www.gruene-oldenburg.de\/podcast\/2020\/12\/mentale-gesundheit-wilfried-schuman\/?standalonePlayer\"><\/iframe>"}

Mentale Gesundheit – Gespräch mit Wilfried Schuman - In dieser Folge haben wir anlässlich des erneuten härteren Lockdowns und der Weihnachtszeit mit dem Thema psychische Gesundheit mit Wilfried Schuman gesprochen.

Grüngeschnackt - Der grüne Podcast aus Oldenburg
